2 + 1 + i - q*i. Calculate l(v).
-7
Let c = -6 + 2. Let x(u) = -u**2 - 3*u - 1. Calculate x(c).
-5
Let d(x) be the first derivative of -1/3*x**3 + 1/24*x**4 + 0*x - x**2 - 1. Let r(s) be the second derivative of d(s). Give r(-3).
-5
Let q(w) = 2*w + 2*w - 2*w - 2. Let a be q(4). Let d(j) = -2*j**2 - 4*j**2 - 5 - 2*j**3 - a*j + j**3. Determine d(-5).
0
Let b(y) = 2*y - 10. Let g be b(7). Let n(j) = g*j - 2*j + 5 + 7*j. Let r(s) = 26*s + 14. Let z(l) = -17*n(l) + 6*r(l). Determine z(1).
2
Suppose 7 + 5 = 3*g. Suppose -3*d - 3 - 12 = -5*r, -g*r = 5*d - 12. Let u(n) = -n**3 + 3*n**2 - 3. Calculate u(r).
-3
Let h(t) = t**3 - t**2 - 2*t - 1. Let d(s) = s**3 - 7*s**2 + s - 7. Let k(g) = g + 4. Let a be k(3). Let q be d(a). Let f be (q + 2/2)/(-1). Give h(f).
-1
Let t(r) be the third derivative of -r**7/840 + r**6/90 - r**5/30 + r**4/6 + r**3/6 - 8*r**2. Let h(l) be the first derivative of t(l). Give h(3).
1
Let v(a) = 6*a**2 - 7 - 9*a**2 + 6 + 2*a. Calculate v(2).
-9
Let v(h) be the third derivative of h**5/60 + h**4/12 - h**3/6 + h**2. Suppose -6*r - 16 = -2*r. Determine v(r).
7
Let k(l) be the second derivative of -2*l**3/3 + 3*l**2/2 - 2*l. Let o be -7 - 0/(0 + -1). Let v = -4 - o. What is k(v)?
-9
Suppose 0 = i + 2*r - 11, 0*i = 3*i - r + 2. Let q(l) = -15*l**2 - l. Calculate q(i).
-16
Let z(c) = c + 0*c + 3*c**3 + 4*c**2 - c**3 - c**3. Determine z(-4).
-4
Let c(o) be the first derivative of -3*o**2 + 123. Let y = -3 + 2. Calculate c(y).
6
Let z = 10 + -5. Let x(d) = d**2 - 2*d - 7. What is x(z)?
8
Suppose v - 4 = -3*v - 3*j, -v = 5*j - 18. Let t(q) = 3*q - 1. Give t(v).
-7
Let q(d) = d + 2. Let s(u) = -3*u - 5. Let y(t) = 3*t + 5. Let j(x) = -5*s(x) - 6*y(x). Let p = -25 - -17. Let n(l) = p*q(l) - 3*j(l). What is n(-5)?
-6
Let h(b) = 2*b - 6. Let p be h(4). Suppose -23 - p = -5*z. Let o(g) be the first derivative of g**3/3 - 2*g**2 - 4*g + 1. Determine o(z).
1
Let q(b) = -7*b**3 - 2*b**2 + 2*b - 1. Let h(l) = l**2 - 3*l - 5. Let v be h(5). Let c = v - 4. Give q(c).
-8
Let z(y) = 3*y**2 + 5*y + 3. Let n(f) = -13*f**2 - 21*f - 13. Let m(u) = -2*n(u) - 9*z(u). What is m(-2)?
1
Let r(t) = -254*t + 0*t**2 + t**3 - t**2 + 2 + 253*t. Calculate r(2).
4
Let g(q) = -2*q + 1. Suppose 0 = p + 3*p - 16. Let k = p + -2. Calculate g(k).
-3
Let g(a) = -a**3 - 27*a**2 - 49*a + 19. Let c be g(-25). Let n(j) = -2*j - 3. Give n(c).
9
Let r = 33 - 29. Let s(l) = l - 6 + l + 1. What is s(r)?
3
Let u(r) = r - 7. Let q be u(8). Let n be -1 - (-1 + 0 - q). Let g(b) = 2*b + 3*b - 3*b. Calculate g(n).
2
Let q = -39 - -39. Let j(u) = -u - 1. Determine j(q).
-1
Suppose -2*s = -2*r - s + 5, s = 3*r - 7. Let l(h) = -1 - h**r + 6*h**2 - 3*h**2. Determine l(-1).
1
Let m be 3/12 + 19/4. Let i(o) = 3*o - 6. Determine i(m).
9
Let u(l) = l**2 + 5*l + 4. Let z be u(-5). Suppose -3*v + 1 = z*k, 4*k = -v + 3 - 0. Let y(b) = -b**2 - 2*b + 3*b**3 + 2*b. Calculate y(v).
-4
Let j = 11 - 6. Suppose 0 = 4*u - 1 - 7. Let f(s) = -s**u + 2*s + j*s - s - 5. Calculate f(5).
0
Let n = 11 - 17. Let y(x) = 668 + 6*x + 0*x**2 - 332 + x**2 - 330. What is y(n)?
6
Let z(d) = -51*d - 21. Let s(h) = 5*h + 2. Let p(g) = -21*s(g) - 2*z(g). Let i(k) = -k + 25. Let m be i(12). Let l = -12 + m. Determine p(l).
-3
Let y(a) be the third derivative of a**4/24 - 4*a**3/3 + 23*a**2. Calculate y(8).
0
Let y = 1 + 3. Let d(r) be the second derivative of 1/12*r**4 + 3/2*r**2 - 2/3*r**3 + 0 + r. Calculate d(y).
3
Let l(z) = z**2 - z + 10. Let b(y) = y + 5. Let f be (-3)/2*(-4)/(-2). Let u be b(f). Suppose 2*r - u = 0, -r = 4*d - 2 + 1. Determine l(d).
10
Let o(v) be the third derivative of -v**4/24 - 2*v**3/3 - 7*v**2. Calculate o(-3).
-1
Suppose -7*r = -2*r - 20. Let j(b) = 5*b**2 + r*b**3 + 3 - 3*b**3 - b**2 + 0 + 4*b. Determine j(-2).
3
Suppose 3*s = 5*s. Suppose s*r + 24 = 4*r. Let p(a) be the third derivative of a**5/60 - a**4/4 + 7*a**3/6 - a**2. Calculate p(r).
7
Let m(k) = k**3 - 4*k**2 + 4*k - 4. Let w(p) = -p - 8. Let d be w(-10). Suppose 6 = -d*b, b - 8 = -4*r + 5. What is m(r)?
12
Suppose 0 = -4*k, m + 2*k = -k + 1. Suppose -1 - m = z. Let q(w) = -4 + 0 + w + 2. What is q(z)?
-4
Suppose 0 = 2*l - 4*l - 8. Let u(t) = 4*t + 10. Let h(q) = q + 1. Let x be 14/(-4) - 5/(-10). Let n(p) = x*h(p) + u(p). Determine n(l).
3
Let w = -4 - -2. Let n be 3/(-2)*w - 0. Suppose -11 + n = 2*y. Let p(q) = -q - 2. What is p(y)?
2
Let s(g) be the first derivative of g**2 + 3/4*g**4 + g + 2/3*g**3 + 3. Suppose -3*f = -4*f - 1. Give s(f).
-2
Let d(y) = -5*y**3 + 9*y - 1. Let x = 14 - 8. Let j(f) = 4*f**3 + f**2 - 8*f + 1. Let k(m) = x*j(m) + 5*d(m). Calculate k(5).
11
Let q(j) = j**2 - 9*j - 3. Let l be q(9). Let z(u) = 7*u**3 + 9*u**2 - u. Let y(w) = 4*w**3 + 5*w**2. Let x(f) = 5*y(f) - 3*z(f). Determine x(l).
0
Let r(l) be the first derivative of -3/2*l**2 - 5*l + 5/3*l**3 - 1/4*l**4 + 1. Suppose -5*i - 4*y + 20 = 0, 5*y - 17 = -5*i + 3. What is r(i)?
-1
Suppose t + 0 = 5. Let c(n) be the second derivative of n**5/20 - 5*n**4/12 - n**2/2 - n. Give c(t).
-1
Let s = 31 + -29. Let f(g) be the first derivative of 1/2*g**2 - g + s. Calculate f(-5).
-6
Let d(w) = -w**3 + 5*w**2 - 2*w - 2. Suppose 0 = -3*g - 23 + 32. Determine d(g).
10
Let v(m) = m**2 - 6*m - 6. Suppose -6 = 3*w, -4*h + 0*w + 30 = -w. Determine v(h).
1
Let z(l) be the second derivative of -2*l + 0 + 7/2*l**2 + 1/2*l**3. Determine z(-5).
-8
Let g(d) = -d**2 - 2*d + 1. Let i = -6 - -8. Suppose 4*h - 2*c + 12 = -12, -i*c = 2*h. Give g(h).
-7
Let p(t) = t + 3. Suppose -3*u = u - 4*i - 4, -u + 4*i = -4. Suppose u*m - 2 = -m. Let s be (m/(-3))/(3/9). Determine p(s).
1
Let a(s) = 2*s**2 + 4*s + 1. Let r = 6 - 3. Let j = r - 6. Calculate a(j).
7
Let p(k) be the second derivative of k**4/6 - k**3/2 - 2*k**2 + 7*k. Give p(3).
5
Let z(t) = 5*t - 5*t - 5*t**2 - t - 4 + 3*t. Let i(b) = b**2 + 1. Let c(a) = 4*i(a) + z(a). Calculate c(3).
-3
Let c = -1 - -1. Let v be 4/(-6) + (-14)/(-3). Let d(r) = 3 - r**2 - v*r**3 - 7*r + 5*r**3 + 6*r - 5. Give d(c).
-2
Suppose 353*f = 358*f - 25. Let k(s) = -s**2. Let z(l) = 7*l**2 - 6*l - 2. Let u(d) = -6*k(d) - z(d). What is u(f)?
7
Let u(i) = -i**3 - 13*i**2 + 1. Let r be u(-13). Suppose -3*z + 2 = -r. Let d(g) be the third derivative of -7*g**5/60 + g**3/6 + g**2. Give d(z).
-6
Let s(j) = -j**2 - j + 2. Let h(k) = k**3 - 9*k**2 - 10*k + 15. Let t(x) = h(x) - 5*s(x). Let i be (-33)/(-7) - 8/(-28). What is t(i)?
5
Let u(h) = 2*h**2 - 4*h + 5. Let n(d) = 2*d**2 - 5*d + 6. Let t be -5*(0 - 1/1). Let v(w) = t*u(w) - 4*n(w). Determine v(1).
3
Let n = -25 - -19. Let d(i) = -i**3 - 5*i**2 + 6*i + 1. What is d(n)?
1
Let p(r) = -r**2 - 3*r + 12. Let a be p(-5). Let x(s) = 1 - 2*s**2 + 5*s**a + s + 2*s**3 - 3*s**3 - 3*s. Calculate x(2).
1
Let y(h) = -h**3 - 6*h**2 + 8*h + 10. Let u be y(-7). Suppose c = -u*p - p - 16, -3*p = -4*c + 12. Let m(k) = 2*k + 3. Calculate m(p).
-5
Let f(y) = 5 + 1 + y + 0*y. Let t(w) = 2*w + 12. Let n(h) = -7*f(h) + 3*t(h). Determine n(-3).
-3
Let d(o) = -3*o**2 + 9*o - 5. Let r(b) = 4*b**2 - 10*b + 5. Let f(m) = 3*d(m) + 2*r(m). Let s(z) = -z + 14. Let l be s(8). Calculate f(l).
1
Suppose 2*x + 2*x + 8 = 0. Let g(c) = 3*c**3 + 6*c**2 - 2. Let f(v) = 10*v**3 + 19*v**2 + v - 5. Let j(d) = x*f(d) + 7*g(d). What is j(-4)?
4
Let w(c) = -7*c**3 - c**2 - 7*c - 7. Let q(k) = -15*k**3 - 2*k**2 - 15*k - 15. Let d = 15 + -21. Let l(p) = d*q(p) + 13*w(p). Give l(0).
-1
Suppose 0 = 2*v - 5*p + 9, -5*v - 2*p = p - 24. Suppose -5*t + v*t + 12 = 0. Let b(m) = m - 7. Calculate b(t).
-1
Let j(i) = -i + 1. Let t be (4 + -3)/((-2)/(-12)). Give j(t).
-5
Let s be (-12)/(-2)*(-4)/(-12). Let t(y) = -1 + s*y + 1 + 2 - 6. Calculate t(5).
6
Let k = -3 - -2. Let x(j) be the first derivative of 5*j**2/2 - 11*j + 2. Let i(o) = -2*o + 4. Let p(q) = -11*i(q) - 4*x(q). What is p(k)?
-2
Let n(t) = 2*t**2 - 7*t - 2. Let m(l) = 3*l**2 - 8*l - 2. Let w(k) = -3*m(k) + 4*n(k). Suppose v - 4*v - 14 = 4*c, -23 = 3*c - 4*v. Determine w(c).
-7
Let h(f) = f**2 + 7*f - 6. Suppose 7*p - 3*p + 28 = 0. Calculate h(p).
-6
Let l(q) = q**3 - 3*q**2 - 3*q - 2. Let x be l(4). Let v(a) = 2*a**x + a**3 - 3*a**2 - 3*a + 1 + 5*a**2 - 3*a. Determine v(-5).
6
Let j(z) be the second derivative of z**5/20 + z**4/6 - 2*z**3/3 - 3*z**2/2 - 22*z. Calculate j(-3).
0
Let v(f) = -8*f. 